 5) - -3
-3
What is (2 + 2 - 5) + -1?
-2
What is 14 + -5 - 9 - 5?
-5
Evaluate (-5 - (1 - 2)) + (-23 - -29).
2
What is the value of (-7 - -1) + 4 - (-5 - -2)?
1
What is the value of 1 - 0 - (16 + -12 + -10)?
7
Evaluate -1 - (3 + -5 + 2 + 1).
-2
What is (8 - 2) + (4 - (11 + -8))?
7
Evaluate -2 - ((2 - 18) + 12).
2
What is the value of -3 + 4 - (2 + 3 - 1)?
-3
Calculate 5 + 2 + (-8 - 2).
-3
What is the value of 1 - 5 - (-9 + 1) - 7?
-3
What is the value of 11 + (-9 - 1 - -2)?
3
What is the value of 1 - 0 - (35 + -31)?
-3
Calculate -2 - -2 - (5 - 10).
5
Evaluate (94 - 102) + (-1 - -7).
-2
What is the value of (5 - 2) + -7 - 5 - -6?
-3
Calculate -26 + 29 - ((0 - 0) + 5).
-2
What is -3 + -7 + 0 - -5?
-5
What is 5 - (7 - ((-2 - 3) + 1))?
-6
What is the value of -1 + 11 + (-6 - -1)?
5
-14 + 10 - (-2 + -5)
3
What is the value of -16 - -6 - (12 + -17)?
-5
What is the value of -14 + 20 - (5 + -2 + 1)?
2
What is -5 + (10 - (-3 + 2) - 7)?
-1
Evaluate 0 - -3 - (9 + (-16 - -5)).
5
What is the value of (2 - 8) + 0 + 0?
-6
Calculate 6 + ((8 - 4) + -14 - -4).
0
2 + 4 - -2 - 8 - 4
-4
What is 0 + -3 + 5 + -3 + 5?
4
Evaluate (63 - 64) + -3 + -1.
-5
Calculate -3 + -3 - (-3 - (-3 + 1)).
-5
Calculate (-5 - (1 - 4)) + -1 - -3.
0
What is the value of -8 + 0 - (18 + -24)?
-2
2 - (11 + -3 - 2)
-4
Evaluate 1 - ((-1 - -3) + 0).
-1
Calculate -6 + (3 - -10) + -14.
-7
Calculate 7 + 40 + -47 + 1 + 4.
5
Evaluate 3 + (-1 - -7) - 6.
3
What is the value of 3 + 1 + -4 - (4 + -6)?
2
Calculate (-8 - 0) + -7 + 18.
3
Evaluate (6 - (-5 + 5)) + 1 + 1.
8
Evaluate 5 - (5 + -3) - 7 - -5.
1
What is 4 - (2 + 1 - (4 + 0))?
5
(0 - -1) + (0 - 4) - -6
3
What is the value of -4 - (-12 + -7 + 16)?
-1
What is -2 - (3 + -7 - -5) - 3?
-6
What is (-49 - -57) + (-4 - 1)?
3
What is the value of -21 + 6 + (12 - 3)?
-6
What is the value of (0 - -2 - -3) + (8 - 6)?
7
What is the value of -3 - (-12 - -2 - (10 + -17))?
0
What is -4 + 6 + -2 + -2?
-2
(15 - (15 + -8)) + (-3 - -1)
6
What is the value of 3 + 1 + (4 - 6) - 3?
-1
What is the value of -3 + (-3 - 0) - -4 - -2?
0
Evaluate 4 - (-5 + (10 - 1)).
0
What is -1 + 5 - (7 + (6 - 12))?
3
(7 - 11) + 14 + -6
4
Evaluate -18 - -21 - (9 - 2).
-4
Evaluate 8 - (1 + 7 + (2 - 5)).
3
What is the value of -6 + (-7 - -22) + (-2 - 3)?
4
-2 + (0 - (1 - 0))
-3
What is 7 + -13 + 2 + -2?
-6
Evaluate -7 + -9 + 8 - -5.
-3
What is -4 + 0 - -3 - -2?
1
What is -2 + -5 + (5 - 1)?
-3
What is the value of 28 + -46 - -15 - (-12 - -1)?
8
(-1 - -12) + (32 - 39)
4
Calculate (-7 - (5 - (7 - 1))) + 10.
4
(2 - 1) + -4 + (21 - 19)
-1
Evaluate 2 - -6 - ((1 - -5) + -2).
4
Calculate (9 - 1) + -3 - 5.
0
Calculate 4 - (-3 + 4) - (2 + -2).
3
What is 4 - (-2 + 10) - -4 - -3?
3
Evaluate -5 - (3 - (-6 + 10 + 0)).
-4
Evaluate -5 + -4 + 0 + 13.
4
Evaluate -1 - (2 - -4) - (-2 + -4).
-1
Evaluate (-5 - (-4 + -8)) + -11.
-4
What is 0 + -6 - (-2 + 2 - 3)?
-3
Calculate (1 + 0 - 3) + 3 + 3.
4
What is 2 + -1 + -3 + 1 + -5?
-6
Evaluate (-1 - -3) + 1 + -2 - 3.
-2
9 - (3 - -5 - 0)
1
What is the value of 14 - 11 - (-5 + 3)?
5
What is 4 + 0 + -4 - (4 + -2)?
-2
Evaluate -3 + (10 - 1) + 1 + -3.
4
What is the value of 20 - 24 - (3 - 0)?
-7
What is the value of (-2 - 2) + 2 + -1?
-3
Evaluate 4 - (4 + 6 + -4).
-2
-2 + (-1 - 1) + (15 - 14)
-3
Calculate 1 + 5 - (23 + -22) - 0.
5
What is the value of 8 - (-11 - -12 - -13)?
-6
Evaluate 2 + (-8 - (-5 - -4)) + 2.
-3
Calculate 1 - (7 + -10) - (6 + 0).
-2
Evaluate 3 + 7 + -5 + -3 + -4.
-2
Calculate 0 + -4 - (-26 - -22).
0
What is the value of 0 + 7 - (3 - 1)?
5
Calculate 2 + -1 + (20 - 18).
3
Evaluate -41 + 30 - (-1 + -6).
-4
What is the value of 1 + (11 - 7) + -12?
-7
Calculate 3 + -1 - (30 - 27).
-1
Calculate -2 + (0 - 2) + 5.
1
Calculate 2 + (8 + -7 - -5) + -10.
-2
What is 0 + -11 - (3 + 3 - 8)?
-9
What is (1 - 1) + (0 - -4)?
4
-6 - (-8 - -10) - -1
-7
Calculate 3 - 0 - (-8 + (-6 - -15)).
2
Evaluate 3 - (11 - (-3 - -7)).
-4
What is the value of -3 + 4 + (-7 - -11)?
5
2 + (-4 - (-3 + 5 + 4))
-8
What is the value of -14 + 10 + 0 + -1?
-5
Evaluate ((9 - 3) + -1 - 3) + -1.
1
13 + 1 + -9 + 2
7
Evaluate 4 + (-2 - 7) - -1 - 0.
-4
-2 - -5 - (5 + 5 + -3)
-4
Calculate (-11 - -15) + -2 + -1.
1
What is the value of -3 + 10 + -4 + -7 + 5?
1
What is the value of -5 - (-27 + 5 + 12)?
5
2 + -6 + (-16 - -16)
-4
Calculate 0 + 3 + (0 - 1).
2
Calculate 5 - (3 + 4 + 2).
-4
Calculate (12 - (8 - -9)) + 14.
9
(25 - (6 - -1)) + -8 + -2
8
What is the value of 1 + -4 - ((2 - 3) + 2)?
-4
(101 - 107) + (-1 - -4)
-3
Evaluate 7 + -8 + 5 + 2 - 2.
4
Evaluate (10 - 9) + (-6 - (-1 + -1)).
-3
Evaluate 0 - 5 - (-1 - (-11 + 14)).
-1
Calculate 5 - ((-1 - -3) + -2).
5
What is the value of -1 + 9 + 4 + -21?
-9
What is the value of -1 + -6 + 1 + (5 - 0)?
-1
What is the value of 0 + 2 + (2 - 5) - 0?
-1
What is 8 + -3 - (5 - 2)?
2
Calculate 2 - (14 + -13) - (-5 - -1).
5
What is the value of 0 - (0 - -2) - (-1 + -1)?
0
What is (2 - -2) + (-3 + 10 - 3)?
8
What is the value of 7 - (1 - 5) - (40 + -35)?
6
Evaluate 0 - -4 - 5 - 1 - -4.
2
Evaluate -17 + 14 + 9 - -2.
8
4 - (-3 + -3 - (-3 - 8))
-1
What is 1 + -1 + (-6 - -7) + -2?
-1
What is -11 - (-6 + 3) - (2 - 6)?
-4
Calculate (-3 - (5 - 4)) + 15 + -5.
6
What is the value of (2 - (-6 + 8)) + 3?
3
Evaluate 0 + (-2 - (0 - 3)) + -4.
-3
-3 + (2 - (-4 - 3)) - 5
1
(0 - (0 + 0)) + 4 - 6
-2
What is the value of -13 + (10 - 14) + 10?
-7
Evaluate 2 + -4 - (-1 - -1) - -6.
4
What is the value of 1 + -18 + 10 + 3?
-4
-8 + 10 - (3 - 4)
3
Evaluate 16 + -4 + -4 + -4.
4
Evaluate -5 + (-5 + 0 - -15).
5
What is -2 + 13 + -15 - (1 - 3)?
-2
Evaluate -2 + (4 - -3) - 5.
0
Evaluate -2 + 7 + -5 + -5.
-5
Calculate (-42 - -40) + (0 - 4).
-6
(-2 + 4 + -4 - 1) + 2
-1
What is 1 - (-8 - (0 + -5) - -2)?
2
Calculate (-1 - -1) + -9 + (10 - 1).
0
What is the value of -8 + -5 + (6 - -3)?
-4
(-12 - -21) + -5 + (2 - 0)
6
What is the value of (8 - 25 - -13) + -1 + 10?
5
What is the value of 0 + 2 + (-5 - -6) + 0?
3
What is the value of (1 - -1) + 6 + -7 + -2?
-1
6 + (-6 - (-3 - -9))
-6
-5 - ((3 - 9) + 0)
1
What is 7 - 1 - (-7 + 13)?
0
Evaluate 3 - ((-1 - -1) + 2).
1
What is the value of 2 + (7 - 2) + (-1 - 8)?
-2
1 + -1 + 2 + 0 + -7
-5
Evaluate 31 - 18 - (-3 - -12).
4
What is the value of -17 + 22 + (0 - 2)?
3
What is (1 - (-4 + 14)) + 4?
-5
18 + -16 + 0 + 1
3
What is -11 - (-6 + 0 + -1)?
-4
What is the value of -3 + 12 + -2 + -2 + -4?
1
What is (-10 - (2 - 4)) + 7?
-1
What is the value of 3 - (-10 + 7 + 6)?
0
What is -4 + 8 - -3 - (3 - 2)?
6
Evaluate -2 + (18 - (18 + -7)).
5
-6 - -9 - (3 - -1 - -2)
-3
Calculate 5 - ((-7 - -6) + -1).
7
What is the value of -6 + 18 + -6 - (0 - -2)?
4
0 + -3 - (-2 + -3)
2
Calculate 4 - (5 + 1 - (-1 + 4)).
1
(11 - 17 - -13) + -1 + 1
7
(4 - 6) + -3 - -5
0
Evaluate 2 + (3 - 0 - -1).
6
-1 - ((0 - -6) + -2)
-5
What is 11 + (-27 - -6) + 4?
-6
Evaluate 0 + -7 - (1 + -1 + -2).
-5
What is the value of -9 + (1 - (-4 + -1)) + -3?
-6
What is 0 + 8 - 4 - 0?
4
(-2 - 0) + 6 + 0
4
Evaluate (-6 - -6) + 2 + -4 + 1.
-1
Evaluate 3 - (-5 + 8 + 0).
0
What is the value of -1 + (1 - -2) - 6?
-4
What is (-3 - (0 - 0)) + 29 + -23?
3
What is the value of (-8 - 6 - -13) + 2?
1
What is the value of 2 - -1 - (-1 - 1)?
5
Calculate (7 - 2) + -1 - (2 - -4).
-2
Calculate -4 + (-5 - -6) - (1 - 4).
0
7 - (5 - 6 - -1 - -5)
2
4 - (-7 + 9) - (1 + -2)
3
Calculate (4 - (5 - 5)) + (0 - -1).
5
What is the value of 4 + (-1 - (1 + -4)) - 1?
5
Evaluate (17 - 15) + -6 + (0 - -3).
-1
(5 - (4 - 1) - 1) + -5
-4
Calculate (-1 + 5 - 9) + 8.
3
What is -10 + 12 + -8 - (0 + -2)?
-4
(0 - -2) + (-39 - -44)
7
Calculate -3 + -6 - (11 - 19).
-1
(18 - 10) + (-2 - 11)
-5
What is the value of -2 - (-5 - -5 - (-4 - -1))?
-5
Calculate 0 + -3 + 17 + -9 + -5.
0
-5 + (2 - -1) + 4 + 2
4
-1 + 16 + (-8 - 1)
6
Calculate 8 - (14 + (6 - 12)).
0
-1 - ((9 - 7) + -3)
0
What is 1 + (-7 - -3) + -1?
-4
Evaluate 4 - -1 - 2 - 4.
-1
Evaluate 1 + 0 + -3 - (1 - 6).
3
Calculate 4 - 4 - (2 + 0 + 1).
-3
0 + -2 + (1 - 1 - -4)
2
What is 5 + -7 + 3 + -3 - 2?
-4
What is 3 - (-2 - -4) - -4?
5
Evaluate 36 + -39 - (-5 - 1).
3
Calculate (-3 - -11 - 6) + (1 - -1).
4
Evaluate -1 + 7 + -7 + 3 - 4.
-2
What is (-10 - -5) + -2 + 1 + 6?
0
Evaluate -3 - (1 - (0 + 2)).
-2
Evaluate 5 - 1 - (-9 - -14).
-1
Evaluate 1 - (0 - (-15 - (1 + -10))).
-5
Calculate 7 + 1 - ((-5 - -1) + 14).
-